se 15?
-e893b1
Convert 11202530 (base 8) to base 4.
21100111120
What is -49799a (base 16) in base 9?
-10048256
-2056307 (base 9) to base 3
-2001220100021
What is 111019 (base 11) in base 7?
1335106
Convert -29c99 (base 14) to base 12.
-5023b
-339265 (base 12) to base 6
-25401405
What is 1a0aa2 (base 11) in base 7?
2424146
Convert -1a3dc3 (base 14) to base 3.
-1202101202011
What is 100000110110001110 (base 2) in base 13?
49315
Convert 10301561 (base 7) to base 3.
1122102201102
What is -8d544 (base 16) in base 15?
-b67c4
What is -1049a9 (base 13) in base 4?
-1131030231
-1443152332 (base 6) to base 13
-398921c
Convert -344130414 (base 5) to base 7.
-16122510
22201110012 (base 3) to base 11
107a60
What is 1536231 (base 12) in base 14?
800245
-3826c (base 16) to base 9
-380441
10020122122110 (base 3) to base 14
32ca69
Convert -21740712 (base 8) to base 7.
-54654253
-121202202201002 (base 3) to base 16
-87fbc3
What is 448878 (base 9) in base 10?
268991
-13114403 (base 5) to base 6
-2434505
2984039 (base 13) to base 16
c9e9c3
1703100 (base 8) to base 3
221001102201
20302402 (base 5) to base 6
3320225
-11000000000011001 (base 2) to base 11
-67970
Convert 4656524 (base 8) to base 14.
2506c4
Convert 3224433124 (base 5) to base 14.
cad23a
What is -85435 (base 16) in base 15?
-abaea
55423010 (base 7) to base 12
1725782
What is 206624 (base 8) in base 3?
10111200000
What is -101000100101110 (base 2) in base 10?
-20782
Convert 2100001220 (base 3) to base 7.
251022
-111d8 (base 16) to base 4
-101013120
What is 1110100100010111011 (base 2) in base 12?
1b030b
-c20c (base 15) to base 13
-1584c
Convert 21213213310 (base 4) to base 8.
11474764
What is -2563632 (base 8) in base 7?
-6034346
Convert -26712473 (base 9) to base 4.
-302100320100
-7365340 (base 8) to base 7
-22444150
100111000110101001 (base 2) to base 4
213012221
Convert -520332351 (base 6) to base 10.
-8985739
-217305 (base 13) to base 10
-787038
Convert -2565d7 (base 16) to base 6.
-124310435
What is -6b1b0 (base 14) in base 10?
-261030
Convert -8182041 (base 9) to base 14.
-818824
-179e37 (base 16) to base 3
-2220122020002
-5671aa (base 13) to base 15
-2a5749
Convert -11620210 (base 7) to base 16.
-ff99d
What is 1881d14 (base 14) in base 4?
232111001332
100856 (base 10) to base 7
600020
Convert 214729 (base 11) to base 14.
8cda1
-474279 (base 14) to base 16
-251ac3
What is -4617a (base 16) in base 6?
-10053054
1400310 (base 9) to base 6
24243013
Convert a30b2 (base 13) to base 9.
485018
Convert 21a8 (base 16) to base 11.
6523
Convert 20520250 (base 7) to base 8.
6476570
What is 234202130 (base 5) in base 9?
2032783
Convert -103644 (base 13) to base 12.
-163376
Convert 10364 (base 10) to base 6.
115552
Convert -3141413 (base 5) to base 11.
-3668a
What is 1402321 (base 5) in base 11?
1a424
Convert -25206120 (base 7) to base 11.
-1311316
Convert -837546 (base 12) to base 10.
-2065734
54405541 (base 7) to base 4
101301011320
Convert -50224505 (base 6) to base 15.
-1d0618
Convert 12bb799 (base 12) to base 7.
43502052
Convert -23325160 (base 8) to base 11.
-2967136
Convert 148704 (base 10) to base 14.
3c29a
-32220310 (base 5) to base 8
-1025465
What is 102111000212 (base 3) in base 16?
372dd
-1753649 (base 10) to base 4
-12230020301
-91217 (base 10) to base 15
-1c062
10211102012 (base 3) to base 9
124365
2246233 (base 7) to base 8
1044170
Convert -31300101012 (base 4) to base 10.
-3605574
Convert -306141 (base 7) to base 6.
-1043153
What is -22222000022100 (base 3) in base 8?
-22127567
1013122501 (base 6) to base 13
223c1c5
Convert 1313332120 (base 5) to base 8.
14342137
What is 310ed6 (base 16) in base 10?
3215062
What is -20311521 (base 7) in base 10?
-1700511
-626222 (base 12) to base 3
-2220111112122
3300013131 (base 4) to base 6
33025153
What is -41da7 (base 14) in base 5?
-20042403
35504551 (base 6) to base 14
20d8b1
What is 22124024 (base 6) in base 11?
41421a
Convert 18959 (base 12) to base 13.
13476
Convert -8316167 (base 10) to base 2.
-11111101110010100000111
What is -104110 (base 7) in base 14?
-6907
What is -973224 (base 12) in base 4?
-21013201330
What is 10100010101010110 (base 2) in base 16?
14556
-33234043 (base 6) to base 8
-3641253
What is -723874 (base 10) in base 9?
-1322864
What is -118648 (base 13) in base 3?
-210021002011
What is 9609a9 (base 12) in base 15?
31ac89
What is -468941 (base 14) in base 7?
-26306211
143b969 (base 12) to base 6
223034213
What is 42420344 (base 6) in base 12?
5016b4
Convert -230054210 (base 6) to base 12.
-14aa366
-10220002001 (base 3) to base 5
-4422400
-213531 (base 10) to base 16
-3421b
What is 1060363 (base 7) in base 6?
2500131
Convert 12024 (base 5) to base 9.
1187
3442212 (base 6) to base 9
288428
What is 2824039 (base 12) in base 8?
36436455
Convert -12545532 (base 6) to base 4.
-1212030200
2112102201 (base 3) to base 10
49888
1d44ad (base 16) to base 4
13110102231
Convert -33152112 (base 6) to base 14.
-1bc604
What is -15404104 (base 8) in base 6?
-203521444
What is 345421 (base 8) in base 9?
188178
1103142201 (base 5) to base 3
11111202110011
Convert 109436 (base 15) to base 8.
3010255
Convert -10100000010111000000 (base 2) to base 6.
-22024520
-504044 (base 16) to base 5
-2321244312
-16b3955 (base 12) to base 4
-101332302101
What is -47ae1c (base 15) in base 3?
-20110012102200
-23022203200 (base 4) to base 10
-2926816
Convert -aab64 (base 14) to base 11.
-262a22
-120211022000 (base 3) to base 14
-8173d
1010110011110001101111 (base 2) to base 5
1211133034
What is -13232020331 (base 4) in base 6?
-111214205
Convert -12a0b (base 14) to base 4.
-23030303
1233b6 (base 12) to base 8
1102172
-992b6 (base 13) to base 9
-462351
Convert -4099899 (base 10) to base 7.
-46564026
What is -201331122 (base 5) in base 6?
-25154023
Convert -1a489 (base 14) to base 16.
-104c9
-15ca6 (base 14) to base 9
-82844
What is 10131231201 (base 4) in base 10?
1170273
What is -3041334133 (base 5) in base 6?
-340512233
Convert -4e6045 (base 16) to base 14.
-979c57
What is -45250 (base 9) in base 5?
-1430341
-41130031 (base 5) to base 14
-8959b
5422324 (base 6) to base 9
446877
27331312 (base 8) to base 4
113123023022
Convert -108b03a (base 14) to base 7.
-123604103
What is -345d85 (base 15) in base 13?
-697220
Convert 102120222112 (base 3) to base 4.
313231010
112233323 (base 5) to base 4
1330022230
-112379 (base 12) to base 5
-32223144
-106040 (base 14) to base 3
-1001011102021
Convert -45b05 (base 16) to base 8.
-1055405
-115646 (base 10) to base 11
-79983
-1434467 (base 8) to base 4
-1203210313
-1646361 (base 7) to base 4
-320033013
10011001100110111100 (base 2) to base 16
999bc
32212300 (base 4) to base 5
3403244
Convert a3014d (base 15) to base 7.
122560603
Convert -bbde (base 15) to base 14.
-10717
-19081a (base 11) to base 7
-2332405
Convert 11410011 (base 5) to base 3.
12102121120
Convert -17b6732 (base 12) to base 15.
-681be8
What is -462279 (base 11) in base 13?
-1c9747
What is 407617 (base 8) in base 4?
200332033
-570456 (base 12) to base 13
-398877
What is 1410213 (base 7) in base 16?
2dbfa
What is -523538 (base 10) in base 14?
-d8b18
Convert 1a7be (base 16) to base 4.
122132332
-2432368 (base 10) to base 6
-124044544
Convert -446368 (base 12) to base 16.
-109e80
Convert b69067 (base 12) to base 7.
33312223
8038 (base 12) to base 6
144112
Convert 63539 (base 11) to base 9.
150772
What is -240401213 (base 5) in base 14?
-20b30d
What is -168508 (base 12) in base 7?
-3203420
Convert -10100110110001100 (base 2) to base 7.
-503642
What is -1636558 (base 10) in base 4?
-12033203032
-4384b (base 12) to base 13
-31883
Convert 26319 (base 10) to base 8.
63317
What is 200301211 (base 4) in base 7?
1066246
Convert -232302104 (base 5) to base 14.
-1d7065
What is -294823 (base 10) in base 4?
-1013332213
-18864 (base 12) to base 14
-d084
What is 11002001100210 (base 3) in base 10?
2166123
Convert -7407366 (base 8) to base 11.
-1126028
Convert 103544 (base 6) to base 3.
102211201
What is -321528 (base 14) in base 3?
-10012001211010
What is -310243234 (base 5) in base 14?
-24ac66
Convert -403265 (base 10) to base 5.
-100401030
Convert 16d57 (base 15) to base 12.
3690a
-3517714 (base 9) to base 12
-778704
Convert -11430413232 (base 5) to base 15.
-12c39b2
-5034050 (base 6) t